-1*1)/(3*(-7)/483)?
21
What is the remainder when 3556/42 - 4/6 is divided by 33?
18
Let p(c) = -c**3 + 6*c**2 + 2*c - 2. What is the remainder when 65/3*(-228)/(-190) is divided by p(6)?
6
Suppose -11*k + 117 + 70 = 0. What is the remainder when 47 is divided by k?
13
Let a(k) = 3*k - 5. Let d(v) = -135*v - 8770. Calculate the remainder when a(6) is divided by d(-65).
3
Let h(o) = o**2 + 14*o + 54. What is the remainder when h(-6) is divided by 2?
0
Let w(k) be the second derivative of k**5/20 - 3*k**4/2 - 17*k**3/6 - 25*k**2/2 + 8*k. Calculate the remainder when 37 is divided by w(19).
11
Suppose -q = l - 13, 2*l - 2*q - 19 = 3*q. Suppose -144 = l*g - 14*g. What is the remainder when g is divided by 15?
12
Let x = -49 - -54. Suppose i - 36 = -x*i. What is the remainder when 35 is divided by i?
5
Let i(t) = 4*t + 22. Let x be i(5). Suppose 0 = -2*z + 3*z - x. What is the remainder when 120 is divided by z?
36
Suppose -199*i = -197*i - 70. What is the remainder when 137 is divided by i?
32
Suppose -4*x + 828 = 2*g, -10*x + 5*x + 1040 = 5*g. Calculate the remainder when x is divided by 15.
11
Let z(q) = q + 8. Suppose 7*d - 31*d + 1608 = 0. What is the remainder when d is divided by z(6)?
11
Suppose 0 = -4*d + 3*u + u + 300, 2*d - 4*u = 148. Let f = d + -31. Calculate the remainder when f is divided by 24.
21
Let a(k) = k**2 - 7*k - 8. What is the remainder when 922 is divided by a(10)?
20
Let l = 209 + -40. What is the remainder when l is divided by 9?
7
Let z(q) = -38*q - 181. Calculate the remainder when z(-11) is divided by 56.
13
Suppose 30 = -3*a - 2*a. Let u = a + 20. Suppose -t + 8*c - 5*c = -68, t - 5*c = 68. Calculate the remainder when t is divided by u.
12
Let u(x) = 5 - x**2 + 0*x + x - 4*x + 2*x**2. Suppose -v + b + 6 = 2*v, 0 = 3*v + 4*b - 21. Calculate the remainder when u(3) is divided by v.
2
Suppose -8*m = 341 - 13. Let x = m - -56. What is the remainder when x is divided by (-4)/((1*-1)/1)?
3
Let f = 30 - 18. Let p be 4580/(-7) - 2/(-7). What is the remainder when (-1)/(-5) + p/(-30) is divided by f?
10
Let f = 561 + -543. Suppose -16 = -4*p, 0*w + 30 = 2*w + 5*p. Calculate the remainder when f is divided by w.
3
Suppose -2*f = -39 - 15. Suppose h + 10 = 2*h - 4*m, -4*h + 16 = -4*m. Suppose -h*o + 13 = -f. Calculate the remainder when 37 is divided by o.
17
Suppose 49 = 5*d - 386. Calculate the remainder when d is divided by 15.
12
Let w(s) = -3*s**3 - 9*s**2 - 2*s + 4. What is the remainder when 47 is divided by w(-3)?
7
Suppose -2*k + 38 = 5*l, 8 = 4*l - 6*k + 2*k. Suppose 129 = -6*y + 36*y - 831. What is the remainder when y is divided by l?
2
Let q(p) = -p**3 + 20*p**2 + 47*p + 50. Let c be q(22). Let l = 41 + 19. Let x = c - l. What is the remainder when x is divided by 19?
18
Suppose -2*q + 52 = 4*r, -2*q + 112 = 3*q + 4*r. Let z = -93 - -210. What is the remainder when z is divided by q?
17
Let m(j) = -43*j - 186. Calculate the remainder when m(-9) is divided by 29.
27
Let f(q) = 7*q**2 + q - 1. Let x be f(2). Let n = -6 + x. Let v(p) = p**2 + 9*p + 12. Calculate the remainder when n is divided by v(-9).
11
Let b = -748 - -753. Let u(w) = 2*w + 5. Calculate the remainder when u(4) is divided by b.
3
Suppose 4*f - 4*s = -118 + 346, -4*s - 284 = -5*f. Suppose -5*c + 25 = n, 54 + 21 = 3*n - 3*c. What is the remainder when f/28*97/(-2)*-1 is divided by n?
22
Let p = 2834 - 2819. Calculate the remainder when (-2)/(-3) + 214/3 is divided by p.
12
Suppose -3*l - 1020 = -37*l. Suppose -295 = -5*u + 265. What is the remainder when u is divided by l?
22
Suppose -5*q - 74 - 51 = 0. Let z = 58 + q. What is the remainder when z is divided by 18?
15
Let r(u) = -u**2 + 14*u - 8. Let k(j) = 8*j - 15. Let c be k(10). Suppose -p - 4*p + c = 0. What is the remainder when 18 is divided by r(p)?
3
Let y be (-336)/32*4/(-6). Suppose 13 = r + y. Suppose g - 5*t - 31 = 0, -r = -2*g - t + 1. What is the remainder when 23 is divided by g?
5
Suppose -13 + 1 = -3*p. Suppose 0 = p*c - 17 - 31. What is the remainder when 17 is divided by -1 - c/8*-4?
2
Suppose 483 = 4*a + 4*h - 609, -1355 = -5*a - 3*h. What is the remainder when a is divided by 45?
43
Let b = -328 - -346. Calculate the remainder when 583 is divided by b.
7
Let v(l) = 47*l**2 - 1. Let k be v(1). Let t = k - 29. Calculate the remainder when 48 is divided by -2*(0 - t/2).
14
Let d = 1029 - 1021. What is the remainder when 33 is divided by d?
1
Calculate the remainder when 107 is divided by 2/18*387 - (1 + 3).
29
Let q(i) = -i**3 - i**2 + i + 15. What is the remainder when q(0) is divided by (-1 - 0)*(3 + -7)?
3
Let r = -113 + 202. What is the remainder when 353 is divided by r?
86
What is the remainder when 141 is divided by (5 - 1)/(11/(1155/20))?
15
Suppose -6*t + 2175 = 19*t. Calculate the remainder when t is divided by 10.
7
Let f(t) = 17*t**2 + 8*t - 9. What is the remainder when f(2) is divided by 55?
20
Suppose 33 = 4*p + 1. Calculate the remainder when p is divided by -13 + 980/76 - (-84)/76.
0
Let f = 10 + -13. Let z(o) = -6*o - 4. Let a be z(f). Let j = a - 12. Calculate the remainder when j is divided by 2.
0
Let q(o) = -o**3 + 7*o**2 - 5*o - 1. Suppose -122*l + 125*l = 54. What is the remainder when l is divided by q(6)?
3
Let d(l) = 7*l + 6. Let u(k) = -6*k - 5. Let w(n) = 5*d(n) + 6*u(n). Let c be w(-2). What is the remainder when c/(-3) - (-94)/6 is divided by 8?
7
Suppose 7*g = 4*g - 45. Calculate the remainder when 1/(g/20)*-24 is divided by 18.
14
Suppose b + 3 = -1. What is the remainder when (1 - b/2)*3 is divided by ((-36)/(-8))/(63/42)?
0
Let k = 18 + -14. Suppose 0 = -5*f + k*f - 17. Let l = 30 + f. Calculate the remainder when l is divided by 4.
1
Suppose -2*r - 336 = -23*r. What is the remainder when 18 is divided by r?
2
Let q(y) = 39*y + 5. Let n be q(-1). Let r = n + 38. What is the remainder when r is divided by 3?
1
Let n = 73 + -51. Let l = n - 11. Calculate the remainder when l is divided by 8.
3
Let w(l) = 3*l**2 + 3*l. Suppose -216 = -20*o + 12*o. Suppose -8*r + 45 = -o. Calculate the remainder when r is divided by w(-2).
3
Let v(z) = 3*z + 12. Let y be v(11). Suppose 0 = -2*x + 5*n + y, x - n - n - 22 = 0. Calculate the remainder when 77 is divided by x.
17
Let y(s) = s**2 + 13*s - 31. What is the remainder when 540 is divided by y(3)?
13
Let c(a) = 2*a**2 + 19*a + 10. Let u = 11 - -3. Suppose -2*k + 16 = u. What is the remainder when k is divided by c(-9)?
0
Let y = 3006 - 2084. Calculate the remainder when y is divided by 42.
40
Let t = 56 - -6. Suppose -4*p - b = -t, -4*b + 7 = 3*p - 33. Suppose -230 = 5*f - 275. What is the remainder when p is divided by f?
7
Let u = 118 - 35. Let g = u + -57. Calculate the remainder when 47 is divided by g.
21
Let d = -228 - -232. Calculate the remainder when 17 is divided by d.
1
Suppose -12*m + 17*m = 20. Calculate the remainder when 182 is divided by m.
2
Suppose -2*h + 3*g - g = -516, 264 = h + 5*g. Calculate the remainder when h is divided by 26.
25
Suppose -3*g + 28 = 3*y - y, 3*g - 52 = -5*y. What is the remainder when (19 - -38)*y/6 is divided by 39?
37
Let x(k) = k**2 - 11*k - 5. Let o(m) = -m**3 - 2*m**2 + 9*m + 17. Let q be o(-4). Calculate the remainder when 123 is divided by x(q).
18
Suppose -364 = -180*k + 173*k. Calculate the remainder when k is divided by 36.
16
Let b be 4 - 5 - -3 - -2. Suppose 4*g + 20 = 112. What is the remainder when g is divided by (17 - b/1) + -4?
5
Suppose 0 = 4*b, 4*v - 3*b - 111 = 49. What is the remainder when 231 is divided by v?
31
Suppose 2*w - 28 - 1 = -3*j, -5*w - 3*j = -68. Let r be (-7)/(-14) + 1/(-2). Suppose r = -5*x + 125 - 0. What is the remainder when x is divided by w?
12
Let i = -637 - -638. Suppose 0*l - 5*l = -25. Suppose -k - n + 8 = -5, -3*k + l*n - i = 0. Calculate the remainder when 30 is divided by k.
6
Suppose 28*z = 25*z + 78. Suppose -3*f + 18 = 5*n - 5*f, 20 = 4*n - 3*f. What is the remainder when z is divided by n?
0
Suppose -2*i + 123 + 69 = -3*g, -4*g + 5*i - 263 = 0. Let b(x) = -x**2 - 7*x + 5. What is the remainder when g*2/(-4) - 0 is divided by b(-4)?
14
Suppose -2*u + 5*g + 1462 = 32, -2*g = u - 697. What is the remainder when u is divided by 9?
3
Let x(h) = h**2 - 11*h + 64. What is the remainder when 1257 is divided by x(6)?
33
S